620?
6
What is the tens digit of 24789?
8
What is the tens digit of 607207379?
7
What is the millions digit of 78363951?
8
What is the billions digit of 1468710109?
1
What is the ten millions digit of 1684853022?
8
What is the ten millions digit of 85129472?
8
What is the hundred thousands digit of 170238857?
2
What is the hundred millions digit of 517621200?
5
What is the thousands digit of 55275710?
5
What is the thousands digit of 914018637?
8
What is the hundred thousands digit of 59322686?
3
What is the tens digit of 210375466?
6
What is the thousands digit of 53362034?
2
What is the hundred millions digit of 639059676?
6
What is the tens digit of 641116991?
9
What is the tens digit of 330512597?
9
What is the thousands digit of 52439988?
9
What is the thousands digit of 89898689?
8
What is the ten thousands digit of 4633264?
3
What is the thousands digit of 496966781?
6
What is the thousands digit of 28896647?
6
What is the thousands digit of 329722?
9
What is the ten millions digit of 414440588?
1
What is the ten thousands digit of 62318805?
1
What is the tens digit of 4671602?
0
What is the hundred thousands digit of 2881823236?
8
What is the thousands digit of 9039427?
9
What is the ten millions digit of 54188622?
5
What is the millions digit of 85135178?
5
What is the millions digit of 826738840?
6
What is the ten thousands digit of 45447540?
4
What is the millions digit of 1740742677?
0
What is the hundred millions digit of 2148705631?
1
What is the millions digit of 203827056?
3
What is the hundred thousands digit of 116677950?
6
What is the ten millions digit of 413572460?
1
What is the hundred thousands digit of 259655369?
6
What is the hundreds digit of 46877147?
1
What is the ten millions digit of 64336622?
6
What is the units digit of 59845240?
0
What is the hundred thousands digit of 514521324?
5
What is the tens digit of 22402666?
6
What is the ten millions digit of 834074496?
3
What is the ten millions digit of 154073828?
5
What is the thousands digit of 32646986?
6
What is the ten thousands digit of 2497199593?
9
What is the thousands digit of 5084637865?
7
What is the ten millions digit of 944608496?
4
What is the hundreds digit of 97149310?
3
What is the ten thousands digit of 5860392784?
9
What is the ten thousands digit of 552478410?
7
What is the hundreds digit of 1836520481?
4
What is the billions digit of 1542157052?
1
What is the ten millions digit of 4661820508?
6
What is the hundred thousands digit of 1866055337?
0
What is the tens digit of 690512013?
1
What is the ten millions digit of 361809767?
6
What is the hundreds digit of 301600895?
8
What is the ten millions digit of 180718868?
8
What is the hundreds digit of 215805352?
3
What is the hundreds digit of 244378057?
0
What is the ten thousands digit of 4510365?
1
What is the hundred thousands digit of 534510809?
5
What is the hundred millions digit of 5398874479?
3
What is the hundred thousands digit of 104032720?
0
What is the ten thousands digit of 8820639?
2
What is the thousands digit of 116495124?
5
What is the hundreds digit of 1401988692?
6
What is the hundred thousands digit of 1654307220?
3
What is the units digit of 461453008?
8
What is the ten millions digit of 64461842?
6
What is the hundred millions digit of 334313567?
3
What is the hundreds digit of 276827111?
1
What is the millions digit of 24955331?
4
What is the hundreds digit of 201624145?
1
What is the hundred millions digit of 154994541?
1
What is the hundred thousands digit of 61768226?
7
What is the ten millions digit of 96981841?
9
What is the hundreds digit of 69563590?
5
What is the hundreds digit of 248031248?
2
What is the ten thousands digit of 71690945?
9
What is the ten thousands digit of 130643683?
4
What is the ten millions digit of 32265092?
3
What is the thousands digit of 130562805?
2
What is the hundreds digit of 2348314400?
4
What is the millions digit of 64745685?
4
What is the hundreds digit of 3246998487?
4
What is the hundred thousands digit of 65363982?
3
What is the units digit of 258444838?
8
What is the tens digit of 1032731519?
1
What is the hundred millions digit of 282411808?
2
What is the hundred millions digit of 1525130995?
5
What is the hundreds digit of 2484690484?
4
What is the tens digit of 12397285?
8
What is the hundred thousands digit of 302084519?
0
What is the units digit of 48720519?
9
What is the units digit of 290514741?
1
What is the hundreds digit of 51800883?
8
What is the tens digit of 387549653?
5
What is the hundred thousands digit of 3656708911?
7
What is the units digit of 3040862529?
9
What is the tens digit of 784549257?
5
What is the ten thousands digit of 18117595?
1
What is the hundred thousands digit of 897328149?
3
What is the ten thousands digit of 3029041286?
4
What is the ten millions digit of 244440080?
4
What is the millions digit of 93505589?
3
What is the hundred thousands digit of 49902385?
9
What is the hundreds digit of 3479184656?
6
What is the tens digit of 1372329204?
0
What is the units digit of 36531523?
3
What is the hundred thousands digit of 15597091?
5
What is the tens digit of 110333703?
0
What is the hundreds digit of 54576130?
1
What is the ten millions digit of 19385221?
1
What is the units digit of 80303617?
7
What is the hundreds digit of 161805777?
7
What is the tens digit of 1181228490?
9
What is the units digit of 1981996484?
4
What is the ten thousands digit of 634391630?
9
What is the ten thousands digit of 22972147?
7
What is the hundreds digit of 474162885?
8
What is the thousands digit of 16700142?
0
What is the ten thousands digit of 29296895?
9
What is the hundreds digit of 871687235?
2
What is the thousands digit of 141713158?
3
What is the ten millions digit of 34036729?
3
What is the hundred thousands digit of 3266295952?
2
What is the ten millions digit of 857177085?
5
What is the thousands digit of 363170920?
0
What is the hundreds digit of 1741425419?
4
What is the thousands digit of 33089537?
9
What is the millions digit of 44157547?
4
What is the hundred thousands digit of 1102271645?
2
What is the units digit of 211796198?
8
What is the hundred thousands digit of 40625432?
6
What is the ten thousands digit of 772939268?
3
What is the billions digit of 2320746214?
2
What is the millions digit of 73424223?
3
What is the tens digit of 26075346?
4
What is the ten thousands digit of 593782659?
8
What is the hundred thousands digit of 78971970?
9
What is the ten thousands digit of 137324005?
2
What is the units digit of 1902446236?
6
What is the hundreds digit of 326077097?
0
What is the ten thousands digit of 1484443?
8
What is the hundred millions digit of 4387843602?
3
What is the thousands digit of 112252156?
2
What is the units digit of 81445449?
9
What is the units digit of 69459926?
6
What is the billions digit of 1264905629?
1
What is the billions digit of 2746444017?
2
What is the thousands digit of 12986103?
6
What is the hundred thousands digit of 38867125?
8
What is the hundred millions digit of 166862238?
1
What is the hundred thousands digit of 2917176527?
1
What is the hundred millions digit of 2632296444?
6
What is the hundred thousands digit of 10614742?
6
What is the tens digit of 5538909849?
4
What is the tens digit of 475612044?
4
What is the hundred thousands digit of 902331206?
3
What is the units digit of 62607236?
6
What is the tens digit of 203007472?
7
What is the units digit of 545985144?
4
What is the thousands digit of 479295008?
5
What is the millions digit of 10870954?
0
What is the hundred millions digit of 3524771538?
5
What is the thousands digit of 2494697308?
7
What is the ten millions digit of 3965296480?
6
What is the billions digit of 4540276337?
4
What is the thousands digit of 635768686?
8
What is the ten millions digit of 2681752638?
8
What is the units digit of 168664327?
7
What is the thousands digit of 1067946584?
6
What is the hundred thousands digit of 3135341655?
3
What is the units digit of 1991073357?
7
What is the billions digit of 3347456945?
3
What is the ten millions digit of 32644846?
3
What is the tens digit of 2437814429?
2
What is the thousands digit of 153861258?
1
What is the millions digit of 72978841?
2
What is the billions digit